 base 7.
52562
What is 4b63b (base 13) in base 4?
202003103
3c72c (base 14) to base 6
3112312
Convert -3056888 (base 9) to base 4.
-12032133212
6221a1 (base 11) to base 3
1212201122211
Convert 10121022012212 (base 3) to base 11.
1098a49
What is -48815 (base 12) in base 13?
-35768
Convert 15337 (base 9) to base 2.
10100011110011
Convert 10a0747 (base 14) to base 15.
a65356
What is 1011002222111 (base 3) in base 6?
21042534
-446256 (base 7) to base 15
-18639
Convert 1182518 (base 10) to base 5.
300320033
Convert 3031031 (base 4) to base 10.
13133
Convert -376737 (base 8) to base 6.
-2444143
-888 (base 14) to base 13
-9cb
Convert -f5a38 (base 16) to base 8.
-3655070
189465 (base 12) to base 3
210220010012
1601a89 (base 11) to base 2
1010011101000100011001
Convert -1664714 (base 9) to base 2.
-11100010101101010101
What is -38901b (base 13) in base 4?
-11030203310
13149713 (base 10) to base 6
1145502145
-1104 (base 6) to base 15
-121
22505552 (base 6) to base 14
140976
What is -2674d (base 14) in base 7?
-543126
Convert 11220202012 (base 3) to base 2.
10111101000000101
Convert 1311c (base 14) to base 5.
2444440
Convert -14a3949 (base 12) to base 14.
-7b2c1b
3000867 (base 9) to base 16
185698
What is 11401 (base 16) in base 14?
1ba6d
333014 (base 7) to base 5
3334124
What is -45754 (base 11) in base 14?
-1a153
What is -47266722 (base 8) in base 11?
-5907573
Convert 10001000111000101110 (base 2) to base 14.
108490
Convert 2905711 (base 10) to base 15.
3c5e41
What is 200011222122221 (base 3) in base 5?
4433222413
Convert -80827 (base 16) to base 3.
-222202001101
-133411222 (base 5) to base 2
-10100111010010000011
Convert e35a83 (base 16) to base 7.
240434530
16476723 (base 9) to base 11
473097a
What is -102221120 (base 3) in base 5?
-234314
Convert -11000110122211 (base 3) to base 9.
-4013584
Convert -2bb70 (base 12) to base 16.
-f2c4
What is -3a479 (base 16) in base 3?
-110010110020
Convert -2131234431 (base 5) to base 9.
-8513115
Convert -123232323231 (base 4) to base 5.
-3330121000
Convert 35110011 (base 6) to base 9.
2028407
What is 21202011222122 (base 3) in base 15?
564e72
Convert 4244314 (base 5) to base 12.
356a2
What is b07752 (base 14) in base 4?
112221121030
9af12f (base 16) to base 15
d58a27
Convert 13424 (base 7) to base 6.
24512
What is -4340230124 (base 5) in base 9?
-18452102
Convert -141b86 (base 14) to base 15.
-db58b
What is -6621733 (base 10) in base 14?
-c4524d
Convert -734059 (base 11) to base 4.
-10133101130
What is -169166 (base 10) in base 12?
-81a92
Convert -246726 (base 11) to base 5.
-44431102
What is bd91 (base 15) in base 3?
2001010101
Convert 18ca9a9 (base 13) to base 8.
37110273
Convert -11112201020 (base 3) to base 5.
-10330312
Convert 761888 (base 9) to base 7.
3601046
What is 2034315 (base 9) in base 12?
4443a2
What is 3024130 (base 5) in base 7?
261611
1022020122010 (base 3) to base 6
22511433
Convert -5583573 (base 11) to base 15.
-cd4346
-111011211202 (base 3) to base 13
-910c7
Convert 6c36c (base 13) to base 9.
332043
Convert -7030714 (base 9) to base 8.
-16211276
204217 (base 14) to base 9
2036118
Convert 251661 (base 8) to base 13.
30774
-30d028 (base 16) to base 10
-3199016
Convert 44bb17 (base 13) to base 4.
12030311312
Convert -a7095 (base 16) to base 11.
-428043
-6a87 (base 11) to base 2
-10010001001011
Convert 1313232332 (base 4) to base 5.
111143210
Convert 352343 (base 7) to base 14.
190ca
101100000010011000010 (base 2) to base 3
2201022102211
Convert 133535 (base 12) to base 11.
1a7179
Convert 300110054 (base 6) to base 4.
103100122102
Convert -16525203 (base 7) to base 6.
-54420230
168590 (base 11) to base 8
774231
1423304102 (base 5) to base 9
7012666
What is -1000100101100001010111 (base 2) in base 9?
-4210512
What is c9078 (base 15) in base 3?
1012102011012
Convert -537110 (base 8) to base 6.
-3504200
Convert -21321000 (base 5) to base 11.
-115233
What is -34b0a (base 12) in base 5?
-4230324
Convert 20323112 (base 4) to base 8.
107326
What is 31713 (base 16) in base 11?
129175
What is 1515455 (base 6) in base 12?
42b8b
-a988a4 (base 14) to base 13
-126319a
What is -4d10 (base 16) in base 5?
-1112403
Convert -3242603 (base 10) to base 2.
-1100010111101001101011
76677 (base 9) to base 5
3111412
What is -2202021001101 (base 3) in base 7?
-15265315
-1124563 (base 9) to base 16
-9430e
What is 25037524 (base 8) in base 13?
11b4106
Convert 1027828 (base 10) to base 8.
3727364
Convert -3bedb5 (base 16) to base 3.
-21101112111010
1120201212101 (base 3) to base 5
203404133
Convert -2290089 (base 12) to base 14.
-c53b05
-187741 (base 10) to base 12
-90791
What is -141114031 (base 5) in base 10?
-723016
-866746 (base 11) to base 5
-323311022
What is -4428401 (base 10) in base 5?
-2113202101
What is -916a8 (base 11) in base 12?
-65620
26f6ce (base 16) to base 7
30463516
-10223044 (base 5) to base 8
-250010
-a518b (base 12) to base 14
-58b47
What is -1302143244 (base 5) in base 14?
-5c4644
Convert 25776 (base 14) to base 16.
1677c
15005001 (base 6) to base 11
321443
What is -2536336 (base 7) in base 6?
-11014024
What is -322320331 (base 4) in base 13?
-85a3b
What is 514101 (base 9) in base 14?
7d11a
Convert 907545 (base 11) to base 8.
5442346
What is -330543300 (base 6) in base 10?
-5923476
Convert -2125120 (base 6) to base 12.
-507a0
What is 211204422 (base 5) in base 15?
12645c
Convert 20b98a (base 14) to base 10.
1107718
Convert -136244 (base 8) to base 10.
-48292
Convert -11111011011110101111110 (base 2) to base 10.
-8240510
What is 2112212012 (base 3) in base 13?
19b05
What is 3010086 (base 10) in base 9?
5587050
What is 14232252 (base 7) in base 3?
2111212100020
What is -106152 (base 11) in base 7?
-1303224
-358db (base 14) to base 3
-20122022211
132445031 (base 6) to base 14
4cdb07
Convert -113322320 (base 5) to base 15.
-a605a
What is -53ebb (base 15) in base 12?
-10a328
Convert 20194 (base 10) to base 5.
1121234
What is 24603 (base 10) in base 3?
1020202020
Convert 2353115 (base 7) to base 8.
1107476
1a0393 (base 14) to base 7
10562043
Convert 441481 (base 10) to base 15.
8ac21
Convert 110101000001100100101 (base 2) to base 3.
10021021102012
What is -14411452 (base 6) in base 9?
-840875
10100011100000011 (base 2) to base 9
136746
What is -1874b3 (base 12) in base 2?
-1101000011000000111
What is 82670 (base 10) in base 13?
2b823
83793 (base 12) to base 6
3405103
314d8 (base 15) to base 2
100110001011000001
What is -63a79 (base 12) in base 6?
-2451033
Convert 10001111100110000 (base 2) to base 14.
1cb16
What is 57524 (base 8) in base 14?
8c72
What is 10de7cd (base 16) in base 14?
24c6381
Convert 549327 (base 11) to base 5.
211014230
What is -11139 (base 15) in base 16?
-d407
What is -202020313233 (base 4) in base 7?
-136032024
Convert 202410402 (base 5) to base 8.
3114577
Convert 4625218 (base 10) to base 16.
469342
What is -819d6 (base 15) in base 2?
-1100100001111101001
What is -21474 (base 13) in base 12?
-2a936
189c85 (base 13) to base 15
c4311
-10301203100 (base 4) to base 11
-785330
What is -110101112102010 (base 3) in base 13?
-149713b
Convert 2334a (base 15) to base 6.
2223024
Convert -239b6 (base 16) to base 15.
-2d331
What is 3865016 (base 10) in base 11?
21aa931
-93883 (base 14) to base 11
-223237
Convert 4004140110 (base 5) to base 2.
11110000011111111001111
What is 3242103 (base 6) in base 5?
20124200
Convert -b9474 (base 12) to base 13.
-87283
What is 1100101001001111 (base 2) in base 10?
51791
What is 221021020111 (base 3) in base 7?
4141003
143333241 (base 5) to base 11
480301
1037611 (base 9) to base 12
22a217
11cc7a (base 15) to base 11
533121
Convert 106694 (base 10) to base 11.
73185
What is 36000 (base 11) in base 5?
3130114
Convert -103301300323 (base 4) to base 11.
-2a21277
Convert -32a9876 (base 11) to base 2.
-10110000111000110000001
Convert -254306 (base 8) to base 5.
-10311022
Convert c061b2 (base 13) to base 9.
8361288
What is -193027 (base 13) in base 11?
-3a4072
-2688a5 (base 11) to base 15
-84e1e
What is -255221 (base 6) in base 9?
-34734
1d941c (base 16) to base 13
52b424
What is 1120211201101 (base 3) in base 2?
11001101110111101111
-1638375 (base 9) to base 6
-31312105
-1311003131 (base 4) to base 15
-970d8
-4011023444 (base 5) to base 11
-4511440
112103030 (base 5) t